ose j = -3*a + 119, -5*j = 159*a - 158*a - 525. Calculate the greatest common factor of j and i.
8
Let i(c) = 4*c**2 + 37*c + 105. Let n be i(-3). Calculate the greatest common factor of n and 114.
6
Let k(b) = 16*b**2 - 1087*b + 45. Let z be k(68). What is the highest common divisor of 10057 and z?
113
Let b(q) = -2*q + 104. Let z be b(16). Calculate the greatest common divisor of 80 and z.
8
Suppose 2*q = 5*q + 420. Let y be q/15 - (-4)/(-6). Let l be 3/5 + (-54)/y. Calculate the greatest common factor of 66 and l.
6
Suppose 62*l - 68*l = -2304. Suppose 0*j - l = -4*j - 5*w, 3*j - 4*w = 288. What is the greatest common divisor of j and 4?
4
Let h be (-1*4/(-6))/(30/(-2745)). Let c = h - 30. Let z be (-1)/(-4) - (3 + c/4). Calculate the greatest common factor of z and 30.
10
Let m(u) = -20*u - 2. Let w be m(-3). Suppose -21*q - 4 = -2 - 2. Suppose -5*g + 92 + w = q. Calculate the highest common factor of 75 and g.
15
Let w(q) = -q**2 - 28*q - 154. Let s be w(-12). Let i be ((-722)/(-12))/((-8)/(-48)). What is the highest common divisor of i and s?
19
Suppose -6*f = 17*f - 10465. Suppose 42*y = 37*y + f. What is the greatest common divisor of 13 and y?
13
Let x(d) = 7976*d + 305. Let l be x(3). What is the highest common factor of 11 and l?
11
Suppose -168*p - 37*p = 8*p - 5964. Calculate the highest common divisor of 889 and p.
7
Let t = -10 + 2. Let b be (32/(-12))/(t/(-2796)). Let h be b/26*-1 + 4/26. What is the highest common divisor of h and 24?
12
Let o = -2516 - -2552. Calculate the greatest common divisor of 774 and o.
18
Let c = -59 + 69. Let d be (4 - c - -3)/((-1)/9). Suppose -4*f + 5*n = -153, -3*f + 5*n = -2*f - d. Calculate the highest common divisor of f and 28.
14
Let j be (8 - -5 - 5)*(-9)/(-4). Suppose -4*s = -j - 62. Calculate the highest common factor of 12 and s.
4
Let t(z) = -z**2 - 11*z - 6. Let b be t(-10). Let r be (-4)/((b/(-10))/(-11 + 15)). What is the greatest common factor of 380 and r?
20
Let b(v) = -2*v + 27. Let s be b(-8). Suppose 39*l - s*l + 40 = 0. Suppose 4*f - 206 - 74 = 0. Calculate the highest common divisor of l and f.
10
Suppose 0 = -18*h + 21*h + 75. Let i = 313 + h. Calculate the greatest common factor of i and 18.
18
Suppose -5*c - 22*r + 19*r + 1337 = 0, 4*r - 1076 = -4*c. Suppose 3*s - c + 193 = 0. Calculate the greatest common factor of 600 and s.
24
Let p = 2041 - 2023. Suppose -2*m + 3*s = -96, 0 = -3*m + 2*m + s + 47. What is the greatest common factor of m and p?
9
Let l be 1*0*(-3)/(5 - -1). Suppose 5*m + o + 19 = l, -m - 10 = -5*o - 1. Let d be -1 + (4 - (-8)/m). What is the highest common divisor of 8 and d?
1
Suppose -2*w + 4*w = o - 5, 0 = 3*o - w - 35. Suppose -2*s = o - 17. Suppose -12 = -3*y, s*k = 3*y + 2*y - 8. Calculate the highest common divisor of 42 and k.
6
Let d(p) = 19*p + 174. Let t be d(-9). Suppose 2*o = -4*c + 46, t*o - o - 40 = 2*c. What is the highest common divisor of o and 63?
21
Suppose 20 = 3*m - q - 344, 20*q = -2*m + 160. Calculate the greatest common factor of 84 and m.
12
Let k = 163081 + -163025. Let o = 210 + -352. Let j = o - -212. Calculate the highest common divisor of j and k.
14
Let q = 367 + -866. Let z = q + 758. What is the highest common factor of z and 37?
37
Let n be 3/(-7) - 12996/(-532). Let k = -108 + 57. Let p = -15 - k. What is the greatest common factor of p and n?
12
Let w = 2940 + -1757. Suppose -3*y - 875 = w. Let z be (-30)/165 - y/22. Calculate the greatest common factor of 62 and z.
31
Suppose 11*f = 87 + 133. Let d be (-15)/f + (825/20)/3. What is the greatest common factor of d and 611?
13
Let k(n) = n**3 - 10*n**2 - 10*n. Let x be k(11). Let i(d) = -18*d + 31. Let h be i(-16). What is the greatest common divisor of x and h?
11
Suppose -12*p + 14*p - 100 = 0. Let f(y) = 4*y**2 + 77*y + 5. Let h be f(-23). Calculate the greatest common divisor of h and p.
50
Let f be 4 + 1 + (-3 - -1). Suppose -n - 2*n = -f*q - 12, 4*n + q - 31 = 0. Let j = -5038 + 5045. What is the highest common divisor of j and n?
7
Suppose 8 = 4*g, g + 3 + 4 = r. Let a = 223 + -100. Suppose k + 2*k + a = 5*h, h - 4*k - 11 = 0. What is the greatest common divisor of r and h?
9
Let a(w) = 408*w - 12. Let m be a(1). Suppose 11*g - 469 = 323. Calculate the highest common factor of m and g.
36
Suppose 12 = -15*k + 14 + 13. Calculate the highest common factor of k and 23.
1
Let k(z) = -z**3 + z**2 + 93*z + 360. Let a be k(-4). What is the greatest common divisor of 935 and a?
17
Suppose 41*o - 40*o - 5*q - 41 = 0, -o = q - 59. What is the highest common factor of o and 568?
8
Suppose -95 = -2*w - 3*f, f = 5*f - 20. Suppose 38*g + 40 = w*g. Let o be 2/(4/(-25))*-8. What is the greatest common divisor of g and o?
20
Let w = 158 - 252. Let f = w + 152. Let n = f - 47. Calculate the highest common factor of n and 33.
11
Suppose -492*l + 459*l = -161667. What is the highest common factor of 639 and l?
213
Let h = -92 + 445. Let s = 729 - h. Calculate the highest common divisor of s and 141.
47
Suppose 41*a + 27 = 44*a. Suppose -a*k = -315 - 495. Suppose -40 = -5*y - 5*v, -2*y - 2*v + 26 = y. What is the greatest common divisor of y and k?
10
Let d be -16*((-3366)/(-72))/(-17). What is the highest common divisor of 13684 and d?
44
Suppose 69*u + 3*i + 5 = 70*u, -2*u + 4*i = -16. Let m be 9/(-21) - 3338/(-14). What is the greatest common factor of u and m?
14
Let u(o) = -31*o + 1. Let j be u(-2). Suppose -2055 = -3*t - 4*z, 4*z = -2*t - 258 + 1620. Calculate the greatest common divisor of j and t.
63
Suppose v - 2*s = 364, -3*v = 2*s - 366 - 678. Calculate the greatest common factor of 56 and v.
8
Suppose 4 = s + 2. Suppose 4*n - s*n - 42 = 0. Let p = 63 + -42. Calculate the greatest common factor of p and n.
21
Let o = 44 - 41. Suppose 4*z - 20 = 0, o*i + z + 25 = 6*z. Suppose 2*n = -y + 35, i*n + 2*n = -4*y + 50. What is the greatest common factor of n and 5?
5
Let j = 262 - 257. Suppose -w - 4*w = -2*k - 75, 3*w - 45 = -j*k. What is the highest common factor of 6 and w?
3
Suppose -5 = -4*h - h. Let x = -48 + 64. Suppose 8*u - x = -0*u. What is the greatest common factor of u and h?
1
Let g be 16/(6/(-3) + (-64)/(-24)). What is the greatest common factor of g and 123?
3
Suppose 4*c - 4 = 0, 1 = -y + 2*c + 5. Let h be 36/((-100)/36 - -3). Suppose 50*q - 32*q = h. Calculate the greatest common divisor of q and y.
3
Let w(k) = 16*k - 28*k**2 + 44*k**2 + 15 + 2*k**3 - 3*k**3. Let x be w(17). Let c be (-230)/x + 2 + 3. Calculate the greatest common factor of c and 10.
10
Let s be (-8950)/(-18) + (-2)/9 - 3. Suppose s = 8*f - 114. What is the highest common divisor of 57 and f?
19
Suppose -152 = -v - 20. Let l be (0/(-3) + 0)/(-4). Suppose b - 30 = -f, l = -5*f + 3*f - b + 63. What is the highest common factor of f and v?
33
Let j = 136 - 124. Let o = 76 - 27. Suppose 0 = -3*d + o + 5. Calculate the greatest common factor of j and d.
6
Let n be ((-9546)/(-333))/(2/12). What is the highest common factor of n and 4214?
86
Suppose -3*n - 3*k = -348, -3*n + 2*k + 158 = -185. Suppose 46140*a + 1725 = 46165*a. Calculate the greatest common factor of n and a.
23
Suppose 0 = -m + 5*r + 658, 519 = 3*m + 4*r - 1417. What is the highest common divisor of m and 1188?
108
Let h be (-440358)/(-42) + 3/(-63)*(-12 - -6). Calculate the greatest common factor of 45 and h.
45
Let w = 24 + -59. Let p = w + 29. Let k be (p/6)/(1/(-44)). What is the highest common factor of 11 and k?
11
Let l = -6 - -8. Let h = -1 + l. Suppose -26 = -3*b - 6*p + 7*p, 0 = 2*b - 3*p - 22. What is the highest common factor of h and b?
1
Let c(z) = 7*z - 92. Let w be c(8). Let s be w/(-9) - (1 - 3 - 2). Calculate the highest common divisor of s and 296.
8
Suppose 0 = 247*h - 249*h + 2046. What is the greatest common factor of 627 and h?
33
Let a(u) = -35281*u - 35213. Let b be a(-1). Let g(y) = y**3 + 4*y**2 + 3*y + 4. Let j be g(-3). Calculate the greatest common factor of b and j.
4
Suppose -5*c - 137 = -4*y, 117 = 4*y - 62*c + 61*c. Calculate the highest common divisor of 973 and y.
7
Suppose -7*g = -17 - 102. Suppose 0 = -228*u + 72*u + 193596. Calculate the highest common factor of g and u.
17
Suppose 0 = 2*g, 5*n + 68*g - 630 = 66*g. Calculate the highest common divisor of 84 and n.
42
Let o = 38 + 155. Suppose 